site?
True
Is 10853771 a prime number?
True
Is 18003737 prime?
True
Is 15548629 a prime number?
False
Is 38815103 prime?
True
Is 8658211 a prime number?
False
Is 49655363 a composite number?
False
Is 1073186 a prime number?
False
Is 4524153 a composite number?
True
Is 946607 a prime number?
True
Is 26987261 a composite number?
True
Is 257933 composite?
True
Is 2864339 composite?
False
Is 8977807 composite?
False
Is 22296409 a prime number?
False
Is 21449 a composite number?
True
Is 869119 prime?
True
Is 3336511 prime?
True
Is 41608517 a prime number?
True
Is 45774331 prime?
True
Is 6376681 prime?
False
Is 50135077 a prime number?
False
Is 55676255 a composite number?
True
Is 1453391 composite?
False
Is 87973093 prime?
False
Is 3311051 prime?
True
Is 17269319 a prime number?
True
Is 93908921 composite?
True
Is 11321033 a composite number?
True
Is 131024327 prime?
False
Is 1950721 a composite number?
True
Is 10249879 a composite number?
False
Is 540465577 composite?
False
Is 45029459 a composite number?
False
Is 68836931 a prime number?
True
Is 68793013 prime?
True
Is 17056009 a prime number?
False
Is 257226451 a prime number?
False
Is 40933069 a composite number?
False
Is 29076071 a composite number?
True
Is 67674107 composite?
False
Is 4840793 a composite number?
False
Is 5665663 prime?
False
Is 111298139 composite?
True
Is 465235 a prime number?
False
Is 19400335 a prime number?
False
Is 693521 prime?
False
Is 1213183 composite?
False
Is 413207 a composite number?
False
Is 16301653 composite?
True
Is 3513017 composite?
False
Is 10334431 prime?
True
Is 8432059 composite?
True
Is 166946153 composite?
True
Is 27846863 a composite number?
True
Is 14332831 a prime number?
False
Is 188197813 composite?
False
Is 370629283 a composite number?
False
Is 2238877 a composite number?
True
Is 499123 prime?
False
Is 47086531 composite?
True
Is 49406657 a prime number?
False
Is 1981351 a prime number?
False
Is 23343937 a prime number?
True
Is 2641993 a prime number?
True
Is 4074823 composite?
False
Is 135189051 a composite number?
True
Is 3279091 a composite number?
True
Is 314006809 composite?
True
Is 7634537 a composite number?
False
Is 94746533 a prime number?
False
Is 33217637 a prime number?
False
Is 301021003 a prime number?
True
Is 7032863 prime?
True
Is 7600729 a composite number?
False
Is 1164409 prime?
True
Is 5748409 prime?
False
Is 118541573 composite?
False
Is 307263001 prime?
True
Is 13510931 composite?
True
Is 2083573 prime?
True
Is 54211439 composite?
False
Is 58196653 a prime number?
True
Is 639191417 a prime number?
True
Is 275707 a composite number?
True
Is 2258419 prime?
True
Is 233829437 composite?
True
Is 274327127 a composite number?
False
Is 2185471 a prime number?
True
Is 54710531 a prime number?
False
Is 65403343 a prime number?
True
Is 493454914 prime?
False
Is 1407587 a prime number?
True
Is 29400653 composite?
False
Is 11982277 composite?
False
Is 5163229 prime?
True
Is 2890257 composite?
True
Is 22733339 a composite number?
False
Is 921331 a composite number?
False
Is 45601967 a prime number?
True
Is 523597 a composite number?
False
Is 1027969 a composite number?
False
Is 1455973 a prime number?
True
Is 9169999 a prime number?
True
Is 1478157 a composite number?
True
Is 627271 prime?
True
Is 6472265 composite?
True
Is 88986853 prime?
True
Is 14159903 composite?
False
Is 4762489 prime?
True
Is 71456197 composite?
True
Is 4281559 a prime number?
False
Is 2224051 composite?
True
Is 70872119 composite?
True
Is 163351 a prime number?
True
Is 5556137 prime?
True
Is 5933327 prime?
False
Is 676313 prime?
False
Is 4811617 a composite number?
True
Is 64217 a prime number?
True
Is 401328781 a prime number?
False
Is 6574319 a composite number?
False
Is 9102949 prime?
True
Is 8845645 prime?
False
Is 17399 prime?
False
Is 31228213 composite?
True
Is 185618 a prime number?
False
Is 103097341 a composite number?
False
Is 292018723 composite?
True
Is 651587 prime?
True
Is 34155655 composite?
True
Is 56884547 a composite number?
False
Is 26212217 a composite number?
False
Is 982117 a prime number?
True
Is 12044779 a composite number?
True
Is 20193913 a composite number?
False
Is 602507 composite?
True
Is 40200133 a prime number?
True
Is 1112119817 a composite number?
True
Is 7409249 composite?
False
Is 1452931 prime?
False
Is 589289 a composite number?
False
Is 594889 a prime number?
True
Is 109647581 a composite number?
True
Is 403203531 prime?
False
Is 6521477 a composite number?
False
Is 2084977 a composite number?
False
Is 10562653 a prime number?
True
Is 3545441 a composite number?
True
Is 5673281 composite?
False
Is 59629223 composite?
False
Is 34950703 a composite number?
False
Is 6712369 composite?
True
Is 4341371 composite?
False
Is 62234129 composite?
False
Is 23074081 composite?
False
Is 3752813 prime?
False
Is 9693623 composite?
False
Is 6267307 a composite number?
True
Is 16202551 prime?
True
Is 355677211 composite?
False
Is 229642319 composite?
False
Is 67551893 prime?
True
Is 274956247 a prime number?
False
Is 6363167 prime?
False
Is 1611977 prime?
False
Is 1011973 prime?
True
Is 8595259 composite?
False
Is 94734473 a composite number?
False
Is 4507949 a prime number?
True
Is 75493081 a composite number?
False
Is 32898331 a prime number?
False
Is 23123629 prime?
False
Is 5160643 a prime number?
True
Is 138909545 composite?
True
Is 75169541 prime?
True
Is 9647837 composite?
True
Is 4386787 prime?
True
Is 187105153 prime?
True
Is 26108897 a prime number?
True
Is 128289853 composite?
False
Is 805193 a prime number?
False
Is 59693 a prime number?
True
Is 525101 a composite number?
False
Is 12309707 a prime number?
True
Is 23657659 composite?
True
Is 90387571 prime?
True
Is 21622273 composite?
False
Is 5260551 a prime number?
False
Is 77362541 a prime number?
True
Is 8985427 composite?
True
Is 2198197 prime?
False
Is 14392019 a prime number?
False
Is 103131283 a composite number?
False
Is 9146897 a composite number?
False
Is 1891829 a composite number?
False
Is 15849139 composite?
True
Is 79619219 composite?
True
Is 6365027 a prime number?
False
Is 195277187 a prime number?
False
Is 430289 a composite number?
False
Is 5521097 a prime number?
True
Is 3923873 composite?
True
Is 36293 prime?
True
Is 330799801 a composite number?
False
Is 100026671 composite?
False
Is 306275951 composite?
False
Is 43402643 a prime number?
True
Is 1168680431 a prime number?
False
Is 14313389 a prime number?
True
Is 39817594 composite?
True
Is 24283023 composite?
True
Is 59098449 prime?
False
Is 1019855 composite?
True
Is 10508959 prime?
True
Is 19355519 a prime number?
False
Is 377579885 a composite number?
True
Is 10610881 prime?
True
Is 109644141 a composite number?
True
Is 32992063 a composite number?
True
Is 8633893 a prime number?
True
Is 1012613 composite?
True
Is 419198167 a prime number?
False
Is 4474441 a prime number?
True
Is 121825669 composite?
True
Is 1674935 composite?
True
Is 683402 composite?
True
Is 156032879 composite?
False
Is 14972099 a composite number?
False
Is 1415501 composite?
True
Is 317322703 prime?
True
Is 4836521 prime?
True
Is 13627177 a prime number?
True
Is 71508769 a composite number?
True
Is 15907055 a prime number?
False
Is 67425173 composite?
False
Is 4668359 a prime number?
False
Is 13372831 composite?
False
Is 49685921 a prime number?
True
Is 3901609 a prime number?
True
Is 19656817 a prime number?
False
Is 62590213 composite?
True
Is 4654781 a composite number?
False
Is 207376363 a composite number?
False
Is 1066619 a composite number?
False
Is 243999785 a composite number?
True
Is 2681059 prime?
True
Is 8870003 a prime number?
True
Is 10510531 a composite number?
False
Is 4696523 prime?
False
Is 4742753 prime?
True
Is 3865387 prime?
False
Is 3128029 composite?
True
Is 48755447 composite?
True
Is 1886393 a composite number?
True
Is 17633381 a composite number?
True
Is 3679121 a composite number?
False
Is 787637 prime?
False
Is 37465303 a composite number?
True
Is 131412381 composite?
True
Is 52207817 a composite number?
False
Is 2560879 a composite number?
True
Is 27777239 composite?
True
Is 6779537 prime?
True
Is 1526911 composite?
True
Is 990019 a prime number?
False
Is 195233509 a prime number?
True
Is 22273733 